{"id":42151,"date":"2023-12-15T18:11:07","date_gmt":"2023-12-15T18:11:07","guid":{"rendered":"https:\/\/ejecafeterorap.gov.co\/sistemadeinformacion\/?page_id=42151"},"modified":"2023-12-18T20:38:31","modified_gmt":"2023-12-18T20:38:31","slug":"territorios-funcionales","status":"publish","type":"page","link":"https:\/\/ejecafeterorap.gov.co\/sistemadeinformacion\/territorios-funcionales\/","title":{"rendered":"Territorios Funcionales"},"content":{"rendered":"\t\t<div data-elementor-type=\"wp-page\" data-elementor-id=\"42151\" class=\"elementor elementor-42151\" data-elementor-post-type=\"page\">\n\t\t\t\t\t\t<section class=\"elementor-section elementor-top-section elementor-element elementor-element-bee20d2 elementor-section-full_width elementor-section-stretched elementor-section-height-default elementor-section-height-default tm-col-stretched-none tm-bg-color-over-image\" data-id=\"bee20d2\" data-element_type=\"section\" data-settings=\"{&quot;stretch_section&quot;:&quot;section-stretched&quot;}\">\n\t\t\t\t\t\t<div class=\"elementor-container elementor-column-gap-no\">\n\t\t\t\t\t<div class=\"elementor-column elementor-col-100 elementor-top-column elementor-element elementor-element-555361a tm-bg-color-over-image\" data-id=\"555361a\" data-element_type=\"column\">\n\t\t\t<div class=\"elementor-widget-wrap elementor-element-populated\">\n\t\t\t\t\t\t<div class=\"elementor-element elementor-element-094e33c elementor-widget__width-auto elementor-absolute elementor-widget elementor-widget-tm-ele-animated-layers\" data-id=\"094e33c\" data-element_type=\"widget\" data-settings=\"{&quot;_position&quot;:&quot;absolute&quot;}\" data-widget_type=\"tm-ele-animated-layers.default\">\n\t\t\t\t<div class=\"elementor-widget-container\">\n\t\t\t\t\t\t\t<div class=\"tm-sc-animated-layer-advanced \">\r\n\t\t\t<div class=\"animated-layer-advanced-inner clearfix\">\r\n\t<div class=\"layer-image-wrapper tm-animation-floating layer-blank  elementor-repeater-item-7d713aa\" style=\"\">\r\n\t<div class=\"layer-inner\">\r\n\t<\/div>\r\n<\/div>\r\n\t\t\t<\/div>\r\n\t\t\t<div class=\"clearfix\"><\/div>\r\n\t\t<\/div>\r\n\t\t\t\t\t<\/div>\n\t\t\t\t<\/div>\n\t\t\t\t\t<\/div>\n\t\t<\/div>\n\t\t\t\t\t<\/div>\n\t\t<\/section>\n\t\t\t\t<section class=\"elementor-section elementor-top-section elementor-element elementor-element-950e86b elementor-section-stretched elementor-section-boxed elementor-section-height-default elementor-section-height-default tm-col-stretched-none tm-bg-color-over-image\" data-id=\"950e86b\" data-element_type=\"section\" data-settings=\"{&quot;stretch_section&quot;:&quot;section-stretched&quot;,&quot;background_background&quot;:&quot;classic&quot;}\">\n\t\t\t\t\t\t\t<div class=\"elementor-background-overlay\"><\/div>\n\t\t\t\t\t\t\t<div class=\"elementor-container elementor-column-gap-extended\">\n\t\t\t\t\t<div class=\"elementor-column elementor-col-100 elementor-top-column elementor-element elementor-element-18c3d87 tm-bg-color-over-image\" data-id=\"18c3d87\" data-element_type=\"column\">\n\t\t\t<div class=\"elementor-widget-wrap elementor-element-populated\">\n\t\t\t\t\t\t<section class=\"elementor-section elementor-inner-section elementor-element elementor-element-9e2a297 elementor-section-boxed elementor-section-height-default elementor-section-height-default tm-col-stretched-none tm-bg-color-over-image\" data-id=\"9e2a297\" data-element_type=\"section\">\n\t\t\t\t\t\t<div class=\"elementor-container elementor-column-gap-extended\">\n\t\t\t\t\t<div class=\"elementor-column elementor-col-33 elementor-inner-column elementor-element elementor-element-c8ab5b9 tm-bg-color-over-image\" data-id=\"c8ab5b9\" data-element_type=\"column\">\n\t\t\t<div class=\"elementor-widget-wrap elementor-element-populated\">\n\t\t\t\t\t\t<div class=\"elementor-element elementor-element-b83d99d elementor-widget elementor-widget-tm-ele-animated-layers\" data-id=\"b83d99d\" data-element_type=\"widget\" data-widget_type=\"tm-ele-animated-layers.default\">\n\t\t\t\t<div class=\"elementor-widget-container\">\n\t\t\t\t\t\t\t<div class=\"tm-sc-animated-layer-advanced \">\r\n\t\t\t<div class=\"animated-layer-advanced-inner clearfix\">\r\n\t\r\n<div class=\"layer-image-wrapper layer-image  layer-image-fullwidth elementor-repeater-item-0cea651\" style=\"\">\r\n\t<div class=\"layer-inner layer-image  \">\r\n\t\t<div class=\"layer-image-inner-wrapper image-hover-effect-shine\">\r\n\t\t\t<img fetchpriority=\"high\" decoding=\"async\" class=\"\" src=\"https:\/\/ejecafeterorap.gov.co\/sistemadeinformacion\/wp-content\/uploads\/sites\/7\/2023\/09\/LSV4NNDV5FGKFFGLKBU2X7MW2I-600x800.jpg\" width=\"600\" height=\"800\" alt=\"Image\">\r\n\t\t<\/div>\r\n\t<\/div>\r\n<\/div>\r\n\r\n<div class=\"layer-image-wrapper layer-image  layer-image-fullwidth elementor-repeater-item-22dc4cd\" style=\"\">\r\n\t<div class=\"layer-inner layer-image  \">\r\n\t\t<div class=\"layer-image-inner-wrapper image-hover-effect-shine\">\r\n\t\t\t<img decoding=\"async\" class=\"\" src=\"https:\/\/ejecafeterorap.gov.co\/sistemadeinformacion\/wp-content\/uploads\/sites\/7\/2023\/06\/produccion-550x550.webp\" width=\"550\" height=\"550\" alt=\"Image\">\r\n\t\t<\/div>\r\n\t<\/div>\r\n<\/div>\r\n<div class=\"layer-image-wrapper tm-animation-scale-right layer-blank  elementor-repeater-item-ba35187\" style=\"\">\r\n\t<div class=\"layer-inner\">\r\n\t<\/div>\r\n<\/div>\r\n\t\t\t<\/div>\r\n\t\t\t<div class=\"clearfix\"><\/div>\r\n\t\t<\/div>\r\n\t\t\t\t\t<\/div>\n\t\t\t\t<\/div>\n\t\t\t\t\t<\/div>\n\t\t<\/div>\n\t\t\t\t<div class=\"elementor-column elementor-col-33 elementor-inner-column elementor-element elementor-element-4ec39f6 tm-bg-color-over-image\" data-id=\"4ec39f6\" data-element_type=\"column\">\n\t\t\t<div class=\"elementor-widget-wrap\">\n\t\t\t\t\t\t\t<\/div>\n\t\t<\/div>\n\t\t\t\t<div class=\"elementor-column elementor-col-33 elementor-inner-column elementor-element elementor-element-209f825 tm-bg-color-over-image\" data-id=\"209f825\" data-element_type=\"column\">\n\t\t\t<div class=\"elementor-widget-wrap elementor-element-populated\">\n\t\t\t\t\t\t<div class=\"elementor-element elementor-element-d4c9ff7 horizontal-line-align-left vertical-line-align-bottom elementor-widget elementor-widget-tm-ele-section-title\" data-id=\"d4c9ff7\" data-element_type=\"widget\" data-widget_type=\"tm-ele-section-title.default\">\n\t\t\t\t<div class=\"elementor-widget-container\">\n\t\t\t\t\t<div class=\"tm-sc-section-title section-title line-right-current-theme \">\r\n\t<div class=\"title-wrapper\">\r\n\t\t\t\t\t\t<h6 class=\"subtitle \">\r\n\r\n\t\t\r\n\t\tQu\u00e9 son los \t<\/h6>\r\n\t\t\t\t<h2 class=\"title \">\r\n\r\n\t\t\r\n\t\t\t\t<span class=\"title-part1 \">Territorios Fucionales<\/span>\r\n\t\t\t\t\r\n\t\t\r\n\t<\/h2>\r\n\t<div class=\"title-seperator-line\"><\/div>\t\t\t\t\t\t<\/div>\r\n<\/div>\t\t\t\t<\/div>\n\t\t\t\t<\/div>\n\t\t\t\t<div class=\"elementor-element elementor-element-ccbe5c7 elementor-widget elementor-widget-tm-ele-text-editor\" data-id=\"ccbe5c7\" data-element_type=\"widget\" data-widget_type=\"tm-ele-text-editor.default\">\n\t\t\t\t<div class=\"elementor-widget-container\">\n\t\t\t\t\t\t\t<div class=\"tm-text-editor\">\r\n\t\t<p><span style=\"font-weight: 400;\">El concepto de territorios funcionales hace referencia a espacios donde se desarrolla frecuentemente un alto nivel de interacciones econ\u00f3micas y sociales entre los habitantes, las organizaciones y las empresas;\u00a0<\/span><\/p><p><span style=\"font-weight: 400;\">Para el caso de la reconocida regi\u00f3n cafetera y Tolima\u00a0 por cuyas ventajas y tradici\u00f3n se consolidado un importante polo de desarrollo regional agr\u00edcola y desde hace dos d\u00e9cadas tur\u00edstico, se hace \u00e9nfasis en su importancia como corredor comercial y de riqueza naturales, entre las cuales se destacan: la ubicaci\u00f3n estrat\u00e9gica en la conexi\u00f3n centro-Pac\u00edfico; una importante red municipios de desarrollo intermedio y con procesos econ\u00f3micos de amplia trayectoria; servir de nodo articulador del \u201ctri\u00e1ngulo de oro\u201d conformado por Cali, Bogot\u00e1 y Medell\u00edn; contar con una notable reserva de agua y biodiversidad en flora y fauna; su diversidad topogr\u00e1fica, infraestructura de transporte renovada; universidades y centros de investigaci\u00f3n; un peso importante del sector terciario; y una amplia cobertura de servicios p\u00fablicos.<\/span><\/p>\t\t<\/div>\r\n\t\t\t\t\t<\/div>\n\t\t\t\t<\/div>\n\t\t\t\t<section class=\"elementor-section elementor-inner-section elementor-element elementor-element-cf9ae9a elementor-section-boxed elementor-section-height-default elementor-section-height-default tm-col-stretched-none tm-bg-color-over-image\" data-id=\"cf9ae9a\" data-element_type=\"section\">\n\t\t\t\t\t\t<div class=\"elementor-container elementor-column-gap-extended\">\n\t\t\t\t\t<div class=\"elementor-column elementor-col-100 elementor-inner-column elementor-element elementor-element-a687eb4 tm-bg-color-over-image\" data-id=\"a687eb4\" data-element_type=\"column\">\n\t\t\t<div class=\"elementor-widget-wrap elementor-element-populated\">\n\t\t\t\t\t\t<div class=\"elementor-element elementor-element-43f783b8 elementor-widget__width-auto elementor-widget-mobile__width-inherit elementor-widget elementor-widget-tm-ele-button\" data-id=\"43f783b8\" data-element_type=\"widget\" data-widget_type=\"tm-ele-button.default\">\n\t\t\t\t<div class=\"elementor-widget-container\">\n\t\t\t\t\t<div class=\"tm-sc-button btn-view-details \">\r\n\t<a  href=\"https:\/\/ejecafeterorap.gov.co\/sistemadeinformacion\/wp-content\/uploads\/sites\/7\/2023\/12\/Territorios-funcionales.pdf\" \r\n\t\t target=\"_blank\"\t\t\t\tclass=\"btn btn-theme-colored1 btn-flat\">\r\n\r\n\t\t\r\n\t\t\t\t<span class=\"btn-icon\"><i class=\"far fa-arrow-alt-circle-down\"><\/i><\/span>\r\n\t\t\r\n\t\t<span>\r\n\t\tDocumento t\u00e9cnico\t\t<\/span>\r\n\r\n\t\t\t<\/a>\r\n<\/div>\t\t\t\t<\/div>\n\t\t\t\t<\/div>\n\t\t\t\t\t<\/div>\n\t\t<\/div>\n\t\t\t\t\t<\/div>\n\t\t<\/section>\n\t\t\t\t\t<\/div>\n\t\t<\/div>\n\t\t\t\t\t<\/div>\n\t\t<\/section>\n\t\t\t\t\t<\/div>\n\t\t<\/div>\n\t\t\t\t\t<\/div>\n\t\t<\/section>\n\t\t\t\t<section class=\"elementor-section elementor-top-section elementor-element elementor-element-eb2ce72 elementor-section-stretched elementor-section-boxed elementor-section-height-default elementor-section-height-default tm-col-stretched-none tm-bg-color-over-image\" data-id=\"eb2ce72\" data-element_type=\"section\" data-settings=\"{&quot;stretch_section&quot;:&quot;section-stretched&quot;,&quot;background_background&quot;:&quot;classic&quot;}\">\n\t\t\t\t\t\t<div class=\"elementor-container elementor-column-gap-extended\">\n\t\t\t\t\t<div class=\"elementor-column elementor-col-100 elementor-top-column elementor-element elementor-element-5b0a228 tm-bg-color-over-image\" data-id=\"5b0a228\" data-element_type=\"column\">\n\t\t\t<div class=\"elementor-widget-wrap elementor-element-populated\">\n\t\t\t\t\t\t<section class=\"elementor-section elementor-inner-section elementor-element elementor-element-fee9149 elementor-section-boxed elementor-section-height-default elementor-section-height-default tm-col-stretched-none tm-bg-color-over-image\" data-id=\"fee9149\" data-element_type=\"section\">\n\t\t\t\t\t\t<div class=\"elementor-container elementor-column-gap-extended\">\n\t\t\t\t\t<div class=\"elementor-column elementor-col-100 elementor-inner-column elementor-element elementor-element-3a8b43b tm-bg-color-over-image\" data-id=\"3a8b43b\" data-element_type=\"column\">\n\t\t\t<div class=\"elementor-widget-wrap elementor-element-populated\">\n\t\t\t\t\t\t<div class=\"elementor-element elementor-element-3b2f0502 elementor-widget elementor-widget-tm-ele-iconbox\" data-id=\"3b2f0502\" data-element_type=\"widget\" data-widget_type=\"tm-ele-iconbox.default\">\n\t\t\t\t<div class=\"elementor-widget-container\">\n\t\t\t\t\t<div class=\"tm-sc-icon-box icon-box icon-left tm-iconbox-icontype-font-icon icon-position-icon-left animate-icon-on-hover animate-icon-rotate-y\" >\r\n\t\r\n  \t<div class=\"icon-box-wrapper\">\r\n\t\t\r\n\t\t<div class=\"icon-wrapper\">\r\n\t\t<div class=\"icon icon-type-font-icon icon-size-default icon-default-bg icon-circled\">\r\n\t\t\t<i aria-hidden=\"true\" class=\"fas fa-people-arrows\"><\/i>\t\t<\/div>\r\n\r\n\t\t\t<\/div>\r\n\t\t\t<div class=\"icon-text\">\r\n\t\t\t\t\t\t\r\n\t\t\t\t<h4 class=\"icon-box-title \">\r\n\t\t\t\t\t\t\tLa Regi\u00f3n Homog\u00e9nea\t\t\t\t\t<\/h4>\r\n\t\t\t\t\t<div class=\"content\"><p>Es una unidad definida mediante factores de diferenciaci\u00f3n (social, f\u00edsico,<br \/>econ\u00f3mico o pol\u00edtico). Corresponde a un espacio continuo en el que cada una de las partes o zonas<br \/>constituyentes presentan caracter\u00edsticas similares a las dem\u00e1s.<\/p><\/div>\r\n\t\t\t\t\t\t\r\n\t\t\t\r\n\t\r\n\t\t\t\t\t\t<div class=\"btn-view-details \">\r\n    <a  \r\n       target=&quot;_blank&quot;      href=\"\"\r\n      class=\"btn btn-theme-colored1\">\r\n      ver mapa    <\/a>\r\n<\/div>\t\t\t\t\t<\/div>\r\n\t\t<div class=\"clearfix\"><\/div>\r\n\t<\/div>\r\n<\/div>\t\t\t\t<\/div>\n\t\t\t\t<\/div>\n\t\t\t\t<div class=\"elementor-element elementor-element-4a53029 elementor-widget elementor-widget-tm-ele-iconbox\" data-id=\"4a53029\" data-element_type=\"widget\" data-widget_type=\"tm-ele-iconbox.default\">\n\t\t\t\t<div class=\"elementor-widget-container\">\n\t\t\t\t\t<div class=\"tm-sc-icon-box icon-box icon-left tm-iconbox-icontype-font-icon icon-position-icon-left animate-icon-on-hover animate-icon-rotate-y\" >\r\n\t\r\n  \t<div class=\"icon-box-wrapper\">\r\n\t\t\r\n\t\t<div class=\"icon-wrapper\">\r\n\t\t<div class=\"icon icon-type-font-icon icon-size-default icon-default-bg icon-circled\">\r\n\t\t\t<i aria-hidden=\"true\" class=\"fas fa-map-marked\"><\/i>\t\t<\/div>\r\n\r\n\t\t\t<\/div>\r\n\t\t\t<div class=\"icon-text\">\r\n\t\t\t\t\t\t\r\n\t\t\t\t<h4 class=\"icon-box-title \">\r\n\t\t\t\t\t\t\tLa Regi\u00f3n Funcional\t\t\t\t\t<\/h4>\r\n\t\t\t\t\t<div class=\"content\"><p>Es una unidad definida mediante factores de diferenciacSon unidades territoriales definidas a partir de la interdependencia funcional y de la densidad de flujos entre sus elementos. El sistema se organiza en torno a un polo o centro, en el cual todos sus elementos se relacionan m\u00e1s intensamente que con otros nodos localizados fuera del \u00e1mbito territorial.i\u00f3n (social, f\u00edsico, econ\u00f3mico o pol\u00edtico). Corresponde a un espacio continuo en el que cada una de las partes o zonas constituyentes presentan caracter\u00edsticas similares a las dem\u00e1s.<\/p><\/div>\r\n\t\t\t\t\t\t\r\n\t\t\t\r\n\t\r\n\t\t\t\t\t\t<div class=\"btn-view-details \">\r\n    <a  \r\n       target=&quot;_blank&quot;      href=\"\"\r\n      class=\"btn btn-theme-colored1 btn-flat\">\r\n      Ver mapa    <\/a>\r\n<\/div>\t\t\t\t\t<\/div>\r\n\t\t<div class=\"clearfix\"><\/div>\r\n\t<\/div>\r\n<\/div>\t\t\t\t<\/div>\n\t\t\t\t<\/div>\n\t\t\t\t<div class=\"elementor-element elementor-element-b65dc40 elementor-widget elementor-widget-tm-ele-iconbox\" data-id=\"b65dc40\" data-element_type=\"widget\" data-widget_type=\"tm-ele-iconbox.default\">\n\t\t\t\t<div class=\"elementor-widget-container\">\n\t\t\t\t\t<div class=\"tm-sc-icon-box icon-box icon-left tm-iconbox-icontype-font-icon icon-position-icon-left animate-icon-on-hover animate-icon-rotate-y\" >\r\n\t\r\n  \t<div class=\"icon-box-wrapper\">\r\n\t\t\r\n\t\t<div class=\"icon-wrapper\">\r\n\t\t<div class=\"icon icon-type-font-icon icon-size-default icon-default-bg icon-circled\">\r\n\t\t\t<i aria-hidden=\"true\" class=\"fas fa-user-friends\"><\/i>\t\t<\/div>\r\n\r\n\t\t\t<\/div>\r\n\t\t\t<div class=\"icon-text\">\r\n\t\t\t\t\t\t\r\n\t\t\t\t<h4 class=\"icon-box-title \">\r\n\t\t\t\t\t\t\tLas Regiones Geogr\u00e1ficas, Culturales o Pol\u00edticas\t\t\t\t\t<\/h4>\r\n\t\t\t\t\t<div class=\"content\"><p>Son territorios demarcados fundamentalmente por razones hist\u00f3ricas, ling\u00fc\u00edsticas, culturales o pol\u00edticas. Estas predominan, por ejemplo, en buena parte de las clasificaciones de pa\u00edses europeos, donde la noci\u00f3n de regi\u00f3n no responde a un desarrollo de ninguna de las dos categor\u00edas anteriores mencionadas. Para el caso colombiano para<br \/>la definici\u00f3n de las subregiones se ha utilizado una regionalizaci\u00f3n funcional coherente con los<br \/>prop\u00f3sitos del ejercicio.<\/p><\/div>\r\n\t\t\t\t\t\t\r\n\t\t\t\r\n\t\r\n\t\t\t\t\t\t<div class=\"btn-view-details \">\r\n    <a  \r\n       target=&quot;_blank&quot;      href=\"\"\r\n      class=\"btn btn-theme-colored1\">\r\n      VER MAPA    <\/a>\r\n<\/div>\t\t\t\t\t<\/div>\r\n\t\t<div class=\"clearfix\"><\/div>\r\n\t<\/div>\r\n<\/div>\t\t\t\t<\/div>\n\t\t\t\t<\/div>\n\t\t\t\t\t<\/div>\n\t\t<\/div>\n\t\t\t\t\t<\/div>\n\t\t<\/section>\n\t\t\t\t\t<\/div>\n\t\t<\/div>\n\t\t\t\t\t<\/div>\n\t\t<\/section>\n\t\t\t\t<\/div>\n\t\t","protected":false},"excerpt":{"rendered":"<p>Qu\u00e9 son los Territorios Fucionales El concepto de territorios funcionales hace referencia a espacios donde se desarrolla frecuentemente un alto&#8230;<\/p>\n","protected":false},"author":3,"featured_media":0,"parent":0,"menu_order":0,"comment_status":"closed","ping_status":"closed","template":"","meta":{"footnotes":""},"class_list":["post-42151","page","type-page","status-publish","hentry"],"_links":{"self":[{"href":"https:\/\/ejecafeterorap.gov.co\/sistemadeinformacion\/wp-json\/wp\/v2\/pages\/42151","targetHints":{"allow":["GET"]}}],"collection":[{"href":"https:\/\/ejecafeterorap.gov.co\/sistemadeinformacion\/wp-json\/wp\/v2\/pages"}],"about":[{"href":"https:\/\/ejecafeterorap.gov.co\/sistemadeinformacion\/wp-json\/wp\/v2\/types\/page"}],"author":[{"embeddable":true,"href":"https:\/\/ejecafeterorap.gov.co\/sistemadeinformacion\/wp-json\/wp\/v2\/users\/3"}],"replies":[{"embeddable":true,"href":"https:\/\/ejecafeterorap.gov.co\/sistemadeinformacion\/wp-json\/wp\/v2\/comments?post=42151"}],"version-history":[{"count":5,"href":"https:\/\/ejecafeterorap.gov.co\/sistemadeinformacion\/wp-json\/wp\/v2\/pages\/42151\/revisions"}],"predecessor-version":[{"id":42323,"href":"https:\/\/ejecafeterorap.gov.co\/sistemadeinformacion\/wp-json\/wp\/v2\/pages\/42151\/revisions\/42323"}],"wp:attachment":[{"href":"https:\/\/ejecafeterorap.gov.co\/sistemadeinformacion\/wp-json\/wp\/v2\/media?parent=42151"}],"curies":[{"name":"wp","href":"https:\/\/api.w.org\/{rel}","templated":true}]}}